 are the prime factors of (h/b)/((-11)/1683)?
2, 3, 17
Suppose -5*h - 4697 = -2*q, -5*q - 10*h = -7*h - 11789. Suppose -16*r + 20*r - q = 0. What are the prime factors of r?
19, 31
Let f be 107*11/(-2 - -3). Suppose -4*b + 991 = -f. What are the prime factors of b?
2, 271
Suppose -28*c - 1749288 = -83*c - 574213. What are the prime factors of c?
5, 4273
Let q be 2/8*-1 + 745/4. Suppose 3*a + 12 - q = 0. What are the prime factors of 7 - 4 - (-1 - a)?
2, 31
Let v(j) = 0 + 5 - 23*j + 3. Let k be v(-4). Suppose 6*y = -28 + k. List the prime factors of y.
2, 3
Let u be 10 + -1 + 4/(-1). Let k(b) = -b**2 + 3*b + 5. Let r be k(u). What are the prime factors of (-67)/r + 24/(-60)?
13
Let t(z) = -711*z + 4072. What are the prime factors of t(-5)?
29, 263
Let o be (-38)/5 - (-38)/(-95). List the prime factors of (-1908)/o*(5 - (-78)/(-18)).
3, 53
Let c be (-5844)/(16/72 - (-22)/(-18)). Suppose -l - 7324 = -7*x + 2*x, 3*l = -4*x + c. List the prime factors of x/18 - 1/3.
3
Suppose 66*u + 31*u - 4374 = 21622. What are the prime factors of u?
2, 67
Suppose 5*p = d - 17384, 2*d - 6*p + 9*p = 34768. List the prime factors of d.
2, 41, 53
Suppose 5*a = 1489 - 249. Suppose -4*p + 5*p - a = 0. List the prime factors of p.
2, 31
Suppose -54*y = -2*y. Suppose -53*f + 775 = 4*b - 50*f, 2*b - f - 385 = y. What are the prime factors of b?
193
Suppose -12*x = -o - 17*x - 626, -2*x - 2594 = 4*o. Let i = o - -1457. List the prime factors of i.
2, 13, 31
Suppose 47*y - 118*y = -596258. What are the prime factors of y?
2, 13, 17, 19
Let y be -2 + (-19 - 1)*12/(-30). Suppose -z + 31 = 3*a - y*a, 12 = -3*a. Suppose z*i = 23*i - 96. What are the prime factors of i?
2, 3
Let x(m) be the third derivative of m**5/4 - m**4/6 - m**3/3 - 48*m**2. What are the prime factors of x(-3)?
5, 29
Let s(l) = 30*l**2 - 5*l + 1. Let r be s(5). Let o = -492 + r. List the prime factors of o.
2, 3, 13
Suppose 6*x - 36 = 2*x. Let k(h) = h**3 - 10*h**2 + 9*h + 4. Let b be k(x). Suppose b*w = 385 - 41. What are the prime factors of w?
2, 43
Let h be 12/(-21) - 2140/28. Let r = 132 + h. What are the prime factors of r?
5, 11
Suppose 20*i - 28*i - 184 = 0. List the prime factors of (-50)/(-575) - 12372/i.
2, 269
Suppose 42*k - 44*k = -210. Let n = k - 99. List the prime factors of ((22/n)/(-1))/((-3)/135).
3, 5, 11
Let w(y) = -8*y. Let c(q) = -q**3 + q**2 - q + 2. Suppose 0 = 3*l - 8*l + 10. Let s be c(l). List the prime factors of w(s).
2
Suppose 381*u = 384*u - 1425. Let n = u - 76. List the prime factors of n.
3, 7, 19
Suppose 18 = -21*u + 30*u. Suppose -u*q + 250 = -4*x, 19*q - 14*q - 3*x = 604. List the prime factors of q.
7, 17
Suppose 10595 = 4*i - 3*q, 0 = -4*i - 2*q + 4*q + 10590. Suppose -i = -5*u - 470. What are the prime factors of u?
3, 5, 29
Suppose -18*l = -19*l + 26. Suppose 5*w + 2*p - 27 = -0*w, p = -5*w + l. Suppose -w*a + 28 + 77 = 0. What are the prime factors of a?
3, 7
Let s be (-2 + (-135)/6)*(-4 - -2). Let j = 210 + s. What are the prime factors of j?
7, 37
Let b(z) = 10*z + 6. Let k(n) = -n - 1. Let r(s) = b(s) + 6*k(s). List the prime factors of r(5).
2, 5
Let v(y) = 331*y**2 - 19*y + 51. List the prime factors of v(5).
8231
Let v(p) = 0*p**2 + 2*p**2 - 41 + 8*p + 0*p**2. Suppose -b = 4, -5*o - 116 = 5*b - 41. List the prime factors of v(o).
113
Let a be (-4)/(-10) - 14852/(-20). Suppose 5*d - a - 397 = 0. Suppose o - d = -21. What are the prime factors of o?
3, 23
Suppose 0 = -4*c + 8*c - 8. Let j be 2*c/(-12) - 428/(-6). Suppose -j = -2*p + 49. What are the prime factors of p?
2, 3, 5
Suppose 3*d - 8*d = -2*x + 31603, 5*x - 79109 = -2*d. What are the prime factors of x?
3, 5273
Suppose -3*t = 5*q - 1, -5*t - 8 + 1 = 4*q. Suppose -o + 478 = q*h - 196, 4*h + 5*o = 1354. What are the prime factors of h?
2, 3, 7
Let u = -28982 + 48238. What are the prime factors of u?
2, 29, 83
What are the prime factors of (676/1183)/((-2)/(-2443))?
2, 349
Suppose 0 = 5*b + 16 + 489. Let i = 216 + b. What are the prime factors of i?
5, 23
Suppose 2*g = -w - 1 - 45, -4 = 2*w. Let z be (2/(-6) + 0)/(g/(-264)). What are the prime factors of 0/(6 + z) + 205?
5, 41
Let m(h) = h**2 + 3*h - 5. Let k be m(-5). Suppose 0*v = -k*v + 2185. List the prime factors of v.
19, 23
Suppose -4742 = -8*w + 16282. Let b = -1755 + w. Suppose 14*q - 5*q - b = 0. What are the prime factors of q?
97
Let a(h) be the third derivative of h**5/30 - h**4/8 - h**3 + 3*h**2. Suppose -4*x - 2*s + 36 = 0, 0 = 7*x - 6*x - 4*s. What are the prime factors of a(x)?
2, 7
Let i(j) = -134*j - 19. Let p be i(-3). Let c = 486 - p. What are the prime factors of c?
103
Let j = 21 - 14. Let b be (-3)/4*(1 + 0 + j). List the prime factors of 489/9 - (22/b + 4).
2, 3
Suppose -4*v = -416*g + 420*g - 86940, 0 = -4*g - 5*v + 86947. What are the prime factors of g?
2, 7, 97
Suppose 5*y - 3*p = -43 - 122, 3*y = -2*p - 80. Let l be (38*(-2)/(-6))/(y/(-630)). Suppose 54 + l = 4*n. What are the prime factors of n?
2, 5
Let a = 288 - 12. List the prime factors of a - ((-2)/(-4) + 54/(-12)).
2, 5, 7
Let l(t) = -3*t + 9. Let i be l(11). Let n be (-12)/i*1*6. Suppose -4*p - 98 = -n*r + r, 2*r = -2*p + 122. What are the prime factors of r?
3, 19
Suppose 0 = -4*l - 5*n + 130, -7*l = -3*l - 2*n - 116. Suppose l*y + 585 = 33*y. List the prime factors of y.
3, 5, 13
Let p = 2683 + -2686. Let b be 12/2*1/1. What are the prime factors of (p + 53)/(b - 4)?
5
Let f(v) = 22*v**2 - 3*v - 1. Suppose y - 11 = -4*j - 3, 0 = 5*j - y - 19. Let b be f(j). Suppose -2*i + b + 40 = 0. List the prime factors of i.
2, 3, 19
Let v(t) = -1 + 4*t + 4 - 16*t - 18*t + 6*t**2. Let a be v(5). Suppose a*c - 571 = 2*w, 2*w - 746 = -4*c - 3*w. List the prime factors of c.
3, 7
Let z(v) = v**2 - v + 1. Let c be z(1). What are the prime factors of 1104 + (c/3)/((-17)/(-255))?
1109
Let o = 11540 - 6728. What are the prime factors of o?
2, 3, 401
Let l = -159 + 159. Suppose -25*m + 22*m + 285 = l. What are the prime factors of m?
5, 19
Let d(m) be the first derivative of -7*m**5/60 - m**4/24 - 11*m**3/3 + 18. Let h(o) be the third derivative of d(o). What are the prime factors of h(-5)?
3, 23
Let p = 2301 - 2202. Let u be 5 + -3 - (-1 - 423). Suppose p + u = 3*g. List the prime factors of g.
5, 7
Let l = -6552 - -11807. What are the prime factors of l?
5, 1051
Let i = 5455 - -28853. What are the prime factors of i?
2, 3, 953
Suppose -7*y + 4*n = -12*y + 51792, 4*y - 41444 = 2*n. List the prime factors of y.
2, 5, 7, 37
Let w be ((-8)/(-10))/((-2)/(-50)). Let v be ((-60)/(-16) - 0)/(54/72). Let h = w - v. List the prime factors of h.
3, 5
Suppose 2*u + 14406 = 2*r, 7*r - 2*r - 36015 = 3*u. List the prime factors of r.
3, 7
Let c be 1/3 + 1727/(-33). Let a = c - -234. Let j = a + -27. What are the prime factors of j?
5, 31
Suppose 5*t - 28 = 3*i, -t - 2*i + 2 = -1. Suppose -4*a - t = a, -k + 11 = 3*a. Let n(j) = j**2 - 7*j. List the prime factors of n(k).
2, 7
Suppose 0 = -48*u + 55*u - 46*u + 2468934. What are the prime factors of u?
2, 3, 3517
Suppose 27*o - 373254 = 4395. List the prime factors of o.
71, 197
Suppose 8 = 110*f - 108*f. Let s(x) = -324*x. Let k be s(-1). Suppose 0 = f*g - 4*t - k - 8, -4*g + 5*t = -331. List the prime factors of g.
2, 3, 7
Suppose 0 = 46*l - 35*l - 407. Let g = l - -372. What are the prime factors of g?
409
What are the prime factors of (-5251)/(-9)*19 - (-76)/(-171)?
3, 5, 739
Let n(k) = -k - 19. Let g be n(-7). Let v be 1/(-3) - (736/g + -1). List the prime factors of (-4)/(-2) - v*18/(-12).
5, 19
Suppose 13*x - q = 15*x - 148505, 0 = 3*x + 4*q - 222755. What are the prime factors of x?
3, 53, 467
Suppose 0 = 5*i - u - 1033, 5*i = 2*u + 2*u + 1042. Let c = i - -8. What are the prime factors of c?
2, 107
Suppose -5*z - 3*q = -q - 1015, 3*q - 600 = -3*z. Let p = z + 36. What are the prime factors of p?
241
Let p(v) = -943*v**2 + 6*v - 3*v + 944*v**2 + 232. Let g be p(0). Suppose w - 398 = -5*b - 2*w, -5*w - g = -3*b. List the prime factors of b.
79
What are the prime factors of -5 - (12*(-2)/(-4) + (-20917 - 14))?
2, 5, 523
Suppose -3*f = -2*p - 737 + 33992, 3*p - 49885 = 5*f. List the prime factors of p.
2, 3, 5, 277
Let n be (4/6)/((-1)/(2 + -5)). Let v(l) = 11*l**2 - 10 - 3*l**n - 1 - 11*l + l**3 - l. List the prime factors of v(-7).
2, 61
Le